r?
False
Is 448818913 prime?
False
Is 53423213 a prime number?
True
Is 31841291 a composite number?
False
Is 4153847 composite?
True
Is 94890911 a prime number?
True
Is 293633 composite?
False
Is 56780929 composite?
True
Is 181997 composite?
False
Is 4248053 composite?
True
Is 3104357 prime?
True
Is 109751123 composite?
False
Is 29847187 a prime number?
False
Is 620099 a prime number?
True
Is 33983363 a composite number?
False
Is 750096299 prime?
False
Is 4118381 prime?
False
Is 8115953 a composite number?
True
Is 785477369 prime?
True
Is 3005207 prime?
True
Is 397028371 a composite number?
False
Is 3713757 a composite number?
True
Is 12461279 a composite number?
True
Is 83599643 prime?
True
Is 523739 a composite number?
True
Is 2477387 a prime number?
False
Is 89187193 a composite number?
True
Is 128039141 a prime number?
True
Is 5393123 a composite number?
False
Is 79413449 composite?
False
Is 543057 prime?
False
Is 1643791 a composite number?
False
Is 6152687 a composite number?
False
Is 141244163 composite?
False
Is 48736573 composite?
False
Is 31798979 composite?
False
Is 21954103 a prime number?
True
Is 67164281 a prime number?
True
Is 633989 a prime number?
False
Is 16423931 composite?
True
Is 43622753 composite?
False
Is 2474701 prime?
True
Is 44395357 a prime number?
True
Is 651991 a composite number?
True
Is 48376037 composite?
False
Is 1473631 a composite number?
False
Is 43563931 composite?
False
Is 105127537 composite?
False
Is 29609797 a prime number?
False
Is 548059 a prime number?
True
Is 3675977 prime?
True
Is 101221 a prime number?
True
Is 794361 prime?
False
Is 106215793 prime?
True
Is 88219447 prime?
False
Is 61285379 a prime number?
True
Is 19440893 prime?
False
Is 588347 a prime number?
True
Is 24737897 a prime number?
True
Is 6441373 a composite number?
True
Is 237950711 prime?
True
Is 5349191 prime?
True
Is 138509578 composite?
True
Is 12142283 a prime number?
True
Is 2299205 a prime number?
False
Is 295819 composite?
False
Is 2187083 a composite number?
True
Is 4079029 a prime number?
True
Is 26980661 a composite number?
True
Is 3825671 a composite number?
False
Is 7765643 composite?
False
Is 98983579 prime?
True
Is 84171931 a composite number?
False
Is 12316529 prime?
True
Is 9159307 prime?
False
Is 3688117 composite?
False
Is 229583533 composite?
False
Is 26728238 a prime number?
False
Is 7605823 a prime number?
False
Is 139040021 a composite number?
True
Is 3976591 composite?
True
Is 12297937 a composite number?
False
Is 1395114923 composite?
False
Is 200953717 a prime number?
False
Is 27932461 a composite number?
False
Is 3160363 composite?
False
Is 449201 prime?
True
Is 57736823 a prime number?
True
Is 151065001 a composite number?
False
Is 3516697 a composite number?
False
Is 5343851 a composite number?
True
Is 47900341 a prime number?
False
Is 3125449 a composite number?
False
Is 52782413 a prime number?
False
Is 5922529 a composite number?
True
Is 474337579 a composite number?
True
Is 5392367 prime?
False
Is 440711 prime?
True
Is 180223 prime?
False
Is 484777 a composite number?
False
Is 21279233 a composite number?
True
Is 11117213 a composite number?
False
Is 3017879 composite?
True
Is 3653647 composite?
False
Is 483327371 a prime number?
True
Is 10459457 prime?
False
Is 108620221 a prime number?
True
Is 5144938 a composite number?
True
Is 2153201 a composite number?
False
Is 1291349 composite?
False
Is 7002017 a prime number?
False
Is 354581 a prime number?
True
Is 20962247 composite?
True
Is 3988843 composite?
True
Is 40128199 a composite number?
True
Is 351131357 a composite number?
True
Is 5027307 composite?
True
Is 21148115 composite?
True
Is 776819 a prime number?
True
Is 31859 a composite number?
False
Is 1024987 a composite number?
False
Is 941103649 prime?
False
Is 1634963 prime?
False
Is 407514823 prime?
False
Is 7547537 prime?
True
Is 20948723 a prime number?
True
Is 329501 a composite number?
True
Is 3018919 a composite number?
False
Is 80706589 composite?
False
Is 104252443 a composite number?
False
Is 2803921 a composite number?
True
Is 3870803 prime?
True
Is 1247969 a prime number?
True
Is 67128739 a composite number?
True
Is 743657 a composite number?
False
Is 8756057 composite?
True
Is 1399663 a prime number?
True
Is 14512279 a composite number?
False
Is 6542857 prime?
True
Is 679313 composite?
True
Is 963467 a composite number?
True
Is 58754177 a prime number?
True
Is 8549119 a composite number?
True
Is 44519141 a composite number?
True
Is 268894727 prime?
False
Is 5874421 a prime number?
False
Is 412689623 a composite number?
False
Is 7774279 composite?
False
Is 2490289 prime?
False
Is 13423831 prime?
True
Is 9735571 prime?
True
Is 22246391 a composite number?
False
Is 182322367 a prime number?
False
Is 271973 prime?
False
Is 511259 a prime number?
False
Is 46462069 composite?
False
Is 22019411 a composite number?
False
Is 3142339 prime?
False
Is 10828427 a composite number?
False
Is 389539187 a composite number?
True
Is 42463471 composite?
True
Is 1100983 composite?
True
Is 3439427 composite?
False
Is 86797739 a composite number?
True
Is 22229 composite?
False
Is 60976313 a composite number?
True
Is 118127 composite?
False
Is 14106179 a prime number?
True
Is 6268231 composite?
True
Is 29588543 composite?
False
Is 47607997 composite?
True
Is 44141927 composite?
False
Is 174234163 a composite number?
False
Is 645121 a composite number?
True
Is 35186089 a composite number?
True
Is 58811021 a composite number?
True
Is 22624373 a prime number?
False
Is 15811753 a composite number?
False
Is 827251 a composite number?
False
Is 1647911 prime?
True
Is 34450397 composite?
False
Is 13707391 composite?
False
Is 40890823 prime?
True
Is 130391941 a prime number?
True
Is 188287 a prime number?
False
Is 12092911 prime?
False
Is 176440861 composite?
True
Is 3156703 prime?
False
Is 5307311 prime?
True
Is 5120567 prime?
True
Is 3926203 composite?
False
Is 2813147 a composite number?
True
Is 58162711 composite?
False
Is 3539447 prime?
False
Is 2819503 prime?
False
Is 146734691 prime?
True
Is 603990133 a composite number?
True
Is 6036697 a composite number?
False
Is 6740021 a prime number?
True
Is 101201 prime?
False
Is 733729 a composite number?
True
Is 6500729 a prime number?
True
Is 533101 prime?
False
Is 1245905 a composite number?
True
Is 2101309 composite?
True
Is 115982369 a composite number?
True
Is 1267069 a prime number?
False
Is 439461877 a composite number?
False
Is 157385 a prime number?
False
Is 5982166 a composite number?
True
Is 55849 prime?
True
Is 177379327 composite?
False
Is 757607 prime?
True
Is 24980401 composite?
False
Is 388575283 composite?
False
Is 330125909 composite?
False
Is 8534159 a composite number?
False
Is 43293333 a composite number?
True
Is 9352307 composite?
True
Is 30725243 prime?
True
Is 555802055 a composite number?
True
Is 1070653 a composite number?
True
Is 11972171 composite?
False
Is 644054729 composite?
True
Is 153493183 composite?
True
Is 329194387 composite?
True
Is 6247963 composite?
True
Is 5836177 prime?
True
Is 13738367 a prime number?
True
Is 106591 composite?
False
Is 9789287 a prime number?
False
Is 563209 a prime number?
False
Is 13397 a prime number?
True
Is 6324401 a composite number?
False
Is 5277917 composite?
False
Is 24835219 composite?
False
Is 114459283 a prime number?
False
Is 10498627 composite?
True
Is 36932201 a composite number?
True
Is 888253 a prime number?
False
Is 135838669 a prime number?
False
Is 135489439 composite?
True
Is 323550589 composite?
True
Is 220484401 a prime number?
False
Is 34856917 a prime number?
False
Is 349831201 prime?
False
Is 8729089 prime?
False
Is 774851821 prime?
True
Is 9734771 a composite number?
True
Is 1897403 a prime number?
True
Is 49007969 a composite number?
False
Is 227749 a composite number?
True
Is 649833355 a composite number?
True
Is 12340309 composite?
False
Is 10072571 prime?
True
Is 29799503 a composite number?
True
Is 55450543 composite?
True
Is 381659 composite?
False
Is 40844477 prime?
False
Is 2690557 composite?
False
Is 1108265 a composite number?
True
Is 144564737 composite?
False
Is 569909005 a prime number?
False
Is 21550823 composite?
True
Is 379083191 a composite number?
False
Is 103